{"id":3396,"date":"2022-11-24T14:39:37","date_gmt":"2022-11-24T12:39:37","guid":{"rendered":"https:\/\/www.qvadrat.fi\/?page_id=3396"},"modified":"2022-12-14T11:14:09","modified_gmt":"2022-12-14T09:14:09","slug":"blogin-vastuunvapauslauseke","status":"publish","type":"page","link":"https:\/\/www.qvadrat.fi\/svenska\/blogin-vastuunvapauslauseke\/","title":{"rendered":"Blogin vastuunvapauslauseke"},"content":{"rendered":"<div data-elementor-type=\"wp-page\" data-elementor-id=\"3396\" class=\"elementor elementor-3396\" data-elementor-post-type=\"page\">\n\t\t\t\t\t\t<section class=\"elementor-section elementor-top-section elementor-element elementor-element-6bcd006 elementor-section-boxed elementor-section-height-default elementor-section-height-default\" data-id=\"6bcd006\" data-element_type=\"section\" data-e-type=\"section\">\n\t\t\t\t\t\t<div class=\"elementor-container elementor-column-gap-default\">\n\t\t\t\t\t<div class=\"elementor-column elementor-col-100 elementor-top-column elementor-element elementor-element-e7147f5\" data-id=\"e7147f5\" data-element_type=\"column\" data-e-type=\"column\">\n\t\t\t<div class=\"elementor-widget-wrap elementor-element-populated\">\n\t\t\t\t\t\t<div class=\"elementor-element elementor-element-33cbd7e elementor-widget elementor-widget-text-editor\" data-id=\"33cbd7e\" data-element_type=\"widget\" data-e-type=\"widget\" data-widget_type=\"text-editor.default\">\n\t\t\t\t<div class=\"elementor-widget-container\">\n\t\t\t\t\t\t\t\t\t<h2>Vastuuvapauslauseke<\/h2>\n<p>Blogin tekij\u00e4 (kirjoittaja tai Oy Qvadrat m2 LKV Ab) ei ole vastuussa blogin tietojen ajankohtaisuudesta, oikeellisuudesta, puutteettomuudesta eik\u00e4 laadusta. N\u00e4in ollen ilmoitamme, ettemme ole vastuussa korvausvaatimuksista, jotka liittyv\u00e4t blogin tietojen, esimerkiksi puutteellisten tai ep\u00e4tarkkojen tietojen, k\u00e4yt\u00f6st\u00e4 aiheutuviin vahinkoihin tai tappioihin. Sis\u00e4lt\u00f6 toimitetaan \u201dsitoumuksetta ja sellaisenaan\u201d, eik\u00e4 tekij\u00e4 anna WWW-sivuille tai niiden sis\u00e4ll\u00f6lle mink\u00e4\u00e4nlaista valitusoikeutta tai takuuta.<\/p>\n<p><\/p>\n<p>Tekij\u00e4 voi laajentaa tai muuttaa sivujen osia tai koko julkaisua kaikki tiedot mukaan luettuina, tai tekij\u00e4 voi poistaa ne osittain tai kokonaan ilman erillist\u00e4 ilmoitusta.<\/p>\n<p><\/p>\n<p>Tekij\u00e4 ei ole vastuussa sivuillaan olevista linkeist\u00e4 tai viittauksista. Mik\u00e4li t\u00e4ss\u00e4 tarkoitettujen tietojen k\u00e4yt\u00f6n vuoksi aiheutuu vahinkoja, ainoastaan kyseisten sivujen tekij\u00e4 voidaan saattaa vastuuseen asiasta eik\u00e4 linkin sivuille tehnytt\u00e4 henkil\u00f6\u00e4. Tekij\u00e4 ei ole my\u00f6sk\u00e4\u00e4n vastuussa k\u00e4ytt\u00e4jien h\u00e4nen sivuillaan oleville ilmoitustauluille, vieraskirjoihin, kommenttipalstoille tai postituslistoihin j\u00e4tt\u00e4mist\u00e4 posteista tai viesteist\u00e4. Linkki tekij\u00e4n ulkopuoliseen WWW-sivustoon ei my\u00f6sk\u00e4\u00e4n merkitse sit\u00e4, ett\u00e4 tekij\u00e4 hyv\u00e4ksyisi tai ottaisi itselleen mink\u00e4\u00e4nlaista vastuuta tuon sivusto sis\u00e4ll\u00f6st\u00e4 tai k\u00e4yt\u00f6st\u00e4.<\/p>\n<p><\/p>\n<p>Tekij\u00e4n tarkoituksena ei ole ollut k\u00e4ytt\u00e4\u00e4 julkaisussaan mit\u00e4\u00e4n tekij\u00e4noikeudella suojattua aineistoa tai, mik\u00e4li t\u00e4m\u00e4 ei ole mahdollista, tekij\u00e4n tarkoituksena on ilmoittaa kyseisen kohteen tekij\u00e4noikeustiedot. Mik\u00e4li sivustolta l\u00f6ytyy kohteita, joita ei ole merkitty tekij\u00e4noikeudella suojatuiksi, tekij\u00e4 ei ole voinut selvitt\u00e4\u00e4 kohteen tekij\u00e4noikeutta. T\u00e4llaisen tahattoman tekij\u00e4noikeusrikkomuksen yhteydess\u00e4 tekij\u00e4 poistaa kohteen julkaisusta tai ainakin ilmoittaa asianmukaiset tekij\u00e4noikeustiedot sen j\u00e4lkeen, kun ne on sille ilmoitettu.<\/p>\t\t\t\t\t\t\t\t<\/div>\n\t\t\t\t<\/div>\n\t\t\t\t\t<\/div>\n\t\t<\/div>\n\t\t\t\t\t<\/div>\n\t\t<\/section>\n\t\t\t\t<\/div>","protected":false},"excerpt":{"rendered":"<p>Vastuuvapauslauseke Blogin tekij\u00e4 (kirjoittaja tai Oy Qvadrat m2 LKV Ab) ei ole vastuussa blogin tietojen ajankohtaisuudesta, oikeellisuudesta, puutteettomuudesta eik\u00e4 laadusta. N\u00e4in ollen ilmoitamme, ettemme ole vastuussa korvausvaatimuksista, jotka liittyv\u00e4t blogin tietojen, esimerkiksi puutteellisten tai ep\u00e4tarkkojen tietojen, k\u00e4yt\u00f6st\u00e4 aiheutuviin vahinkoihin tai tappioihin. Sis\u00e4lt\u00f6 toimitetaan \u201dsitoumuksetta ja sellaisenaan\u201d, eik\u00e4 tekij\u00e4 anna WWW-sivuille tai niiden sis\u00e4ll\u00f6lle mink\u00e4\u00e4nlaista valitusoikeutta [&hellip;]<\/p>\n","protected":false},"author":4,"featured_media":0,"parent":0,"menu_order":0,"comment_status":"closed","ping_status":"closed","template":"","meta":{"footnotes":""},"class_list":["post-3396","page","type-page","status-publish","hentry"],"yoast_head":"<!-- This site is optimized with the Yoast SEO plugin v27.5 - https:\/\/yoast.com\/product\/yoast-seo-wordpress\/ -->\n<title>Qvadrat LKV - Blogin vastuunvapauslauseke<\/title>\n<meta name=\"description\" content=\"Vastuuvapauslauseke Blogin tekij\u00e4 (kirjoittaja tai Oy Qvadrat m2 LKV Ab) ei ole vastuussa blogin tietojen ajankohtaisuudesta, oikeellisuudesta,\" \/>\n<meta name=\"robots\" content=\"index, follow, max-snippet:-1, max-image-preview:large, max-video-preview:-1\" \/>\n<link rel=\"canonical\" href=\"https:\/\/www.qvadrat.fi\/svenska\/blogin-vastuunvapauslauseke\/\" \/>\n<meta property=\"og:locale\" content=\"sv_SE\" \/>\n<meta property=\"og:type\" content=\"article\" \/>\n<meta property=\"og:title\" content=\"Qvadrat LKV - Blogin vastuunvapauslauseke\" \/>\n<meta property=\"og:description\" content=\"Vastuuvapauslauseke Blogin tekij\u00e4 (kirjoittaja tai Oy Qvadrat m2 LKV Ab) ei ole vastuussa blogin tietojen ajankohtaisuudesta, oikeellisuudesta,\" \/>\n<meta property=\"og:url\" content=\"https:\/\/www.qvadrat.fi\/svenska\/blogin-vastuunvapauslauseke\/\" \/>\n<meta property=\"og:site_name\" content=\"Qvadrat LKV\" \/>\n<meta property=\"article:publisher\" content=\"https:\/\/www.facebook.com\/qvadratlkv\" \/>\n<meta property=\"article:modified_time\" content=\"2022-12-14T09:14:09+00:00\" \/>\n<meta property=\"og:image\" content=\"https:\/\/www.qvadrat.fi\/wp-content\/uploads\/2022\/02\/some_logo_beige.jpg\" \/>\n\t<meta property=\"og:image:width\" content=\"1080\" \/>\n\t<meta property=\"og:image:height\" content=\"1080\" \/>\n\t<meta property=\"og:image:type\" content=\"image\/jpeg\" \/>\n<meta name=\"twitter:card\" content=\"summary_large_image\" \/>\n<meta name=\"twitter:label1\" content=\"Ber\u00e4knad l\u00e4stid\" \/>\n\t<meta name=\"twitter:data1\" content=\"2 minuter\" \/>\n<script type=\"application\/ld+json\" class=\"yoast-schema-graph\">{\"@context\":\"https:\\\/\\\/schema.org\",\"@graph\":[{\"@type\":\"WebPage\",\"@id\":\"https:\\\/\\\/www.qvadrat.fi\\\/blogin-vastuunvapauslauseke\\\/\",\"url\":\"https:\\\/\\\/www.qvadrat.fi\\\/blogin-vastuunvapauslauseke\\\/\",\"name\":\"Qvadrat LKV - Blogin vastuunvapauslauseke\",\"isPartOf\":{\"@id\":\"https:\\\/\\\/www.qvadrat.fi\\\/#website\"},\"datePublished\":\"2022-11-24T12:39:37+00:00\",\"dateModified\":\"2022-12-14T09:14:09+00:00\",\"description\":\"Vastuuvapauslauseke Blogin tekij\u00e4 (kirjoittaja tai Oy Qvadrat m2 LKV Ab) ei ole vastuussa blogin tietojen ajankohtaisuudesta, oikeellisuudesta,\",\"breadcrumb\":{\"@id\":\"https:\\\/\\\/www.qvadrat.fi\\\/blogin-vastuunvapauslauseke\\\/#breadcrumb\"},\"inLanguage\":\"sv-SE\",\"potentialAction\":[{\"@type\":\"ReadAction\",\"target\":[\"https:\\\/\\\/www.qvadrat.fi\\\/blogin-vastuunvapauslauseke\\\/\"]}]},{\"@type\":\"BreadcrumbList\",\"@id\":\"https:\\\/\\\/www.qvadrat.fi\\\/blogin-vastuunvapauslauseke\\\/#breadcrumb\",\"itemListElement\":[{\"@type\":\"ListItem\",\"position\":1,\"name\":\"Etusivu\",\"item\":\"https:\\\/\\\/www.qvadrat.fi\\\/\"},{\"@type\":\"ListItem\",\"position\":2,\"name\":\"Blogin vastuunvapauslauseke\"}]},{\"@type\":\"WebSite\",\"@id\":\"https:\\\/\\\/www.qvadrat.fi\\\/#website\",\"url\":\"https:\\\/\\\/www.qvadrat.fi\\\/\",\"name\":\"Qvadrat LKV\",\"description\":\"\",\"publisher\":{\"@id\":\"https:\\\/\\\/www.qvadrat.fi\\\/#organization\"},\"potentialAction\":[{\"@type\":\"SearchAction\",\"target\":{\"@type\":\"EntryPoint\",\"urlTemplate\":\"https:\\\/\\\/www.qvadrat.fi\\\/?s={search_term_string}\"},\"query-input\":{\"@type\":\"PropertyValueSpecification\",\"valueRequired\":true,\"valueName\":\"search_term_string\"}}],\"inLanguage\":\"sv-SE\"},{\"@type\":\"Organization\",\"@id\":\"https:\\\/\\\/www.qvadrat.fi\\\/#organization\",\"name\":\"Qvadrat LKV\",\"url\":\"https:\\\/\\\/www.qvadrat.fi\\\/\",\"logo\":{\"@type\":\"ImageObject\",\"inLanguage\":\"sv-SE\",\"@id\":\"https:\\\/\\\/www.qvadrat.fi\\\/#\\\/schema\\\/logo\\\/image\\\/\",\"url\":\"https:\\\/\\\/www.qvadrat.fi\\\/wp-content\\\/uploads\\\/2021\\\/10\\\/Qvadrat_Logo_Beige-e1634039562152.jpeg\",\"contentUrl\":\"https:\\\/\\\/www.qvadrat.fi\\\/wp-content\\\/uploads\\\/2021\\\/10\\\/Qvadrat_Logo_Beige-e1634039562152.jpeg\",\"width\":1000,\"height\":695,\"caption\":\"Qvadrat LKV\"},\"image\":{\"@id\":\"https:\\\/\\\/www.qvadrat.fi\\\/#\\\/schema\\\/logo\\\/image\\\/\"},\"sameAs\":[\"https:\\\/\\\/www.facebook.com\\\/qvadratlkv\",\"https:\\\/\\\/www.instagram.com\\\/qvadratlkv\\\/\",\"https:\\\/\\\/www.linkedin.com\\\/company\\\/oy-qvadrat-m2-lkv-ab\\\/about\\\/\"]}]}<\/script>\n<!-- \/ Yoast SEO plugin. -->","yoast_head_json":{"title":"Qvadrat LKV - Blogin vastuunvapauslauseke","description":"Vastuuvapauslauseke Blogin tekij\u00e4 (kirjoittaja tai Oy Qvadrat m2 LKV Ab) ei ole vastuussa blogin tietojen ajankohtaisuudesta, oikeellisuudesta,","robots":{"index":"index","follow":"follow","max-snippet":"max-snippet:-1","max-image-preview":"max-image-preview:large","max-video-preview":"max-video-preview:-1"},"canonical":"https:\/\/www.qvadrat.fi\/svenska\/blogin-vastuunvapauslauseke\/","og_locale":"sv_SE","og_type":"article","og_title":"Qvadrat LKV - Blogin vastuunvapauslauseke","og_description":"Vastuuvapauslauseke Blogin tekij\u00e4 (kirjoittaja tai Oy Qvadrat m2 LKV Ab) ei ole vastuussa blogin tietojen ajankohtaisuudesta, oikeellisuudesta,","og_url":"https:\/\/www.qvadrat.fi\/svenska\/blogin-vastuunvapauslauseke\/","og_site_name":"Qvadrat LKV","article_publisher":"https:\/\/www.facebook.com\/qvadratlkv","article_modified_time":"2022-12-14T09:14:09+00:00","og_image":[{"width":1080,"height":1080,"url":"https:\/\/www.qvadrat.fi\/wp-content\/uploads\/2022\/02\/some_logo_beige.jpg","type":"image\/jpeg"}],"twitter_card":"summary_large_image","twitter_misc":{"Ber\u00e4knad l\u00e4stid":"2 minuter"},"schema":{"@context":"https:\/\/schema.org","@graph":[{"@type":"WebPage","@id":"https:\/\/www.qvadrat.fi\/blogin-vastuunvapauslauseke\/","url":"https:\/\/www.qvadrat.fi\/blogin-vastuunvapauslauseke\/","name":"Qvadrat LKV - Blogin vastuunvapauslauseke","isPartOf":{"@id":"https:\/\/www.qvadrat.fi\/#website"},"datePublished":"2022-11-24T12:39:37+00:00","dateModified":"2022-12-14T09:14:09+00:00","description":"Vastuuvapauslauseke Blogin tekij\u00e4 (kirjoittaja tai Oy Qvadrat m2 LKV Ab) ei ole vastuussa blogin tietojen ajankohtaisuudesta, oikeellisuudesta,","breadcrumb":{"@id":"https:\/\/www.qvadrat.fi\/blogin-vastuunvapauslauseke\/#breadcrumb"},"inLanguage":"sv-SE","potentialAction":[{"@type":"ReadAction","target":["https:\/\/www.qvadrat.fi\/blogin-vastuunvapauslauseke\/"]}]},{"@type":"BreadcrumbList","@id":"https:\/\/www.qvadrat.fi\/blogin-vastuunvapauslauseke\/#breadcrumb","itemListElement":[{"@type":"ListItem","position":1,"name":"Etusivu","item":"https:\/\/www.qvadrat.fi\/"},{"@type":"ListItem","position":2,"name":"Blogin vastuunvapauslauseke"}]},{"@type":"WebSite","@id":"https:\/\/www.qvadrat.fi\/#website","url":"https:\/\/www.qvadrat.fi\/","name":"Qvadrat LKV","description":"","publisher":{"@id":"https:\/\/www.qvadrat.fi\/#organization"},"potentialAction":[{"@type":"SearchAction","target":{"@type":"EntryPoint","urlTemplate":"https:\/\/www.qvadrat.fi\/?s={search_term_string}"},"query-input":{"@type":"PropertyValueSpecification","valueRequired":true,"valueName":"search_term_string"}}],"inLanguage":"sv-SE"},{"@type":"Organization","@id":"https:\/\/www.qvadrat.fi\/#organization","name":"Qvadrat LKV","url":"https:\/\/www.qvadrat.fi\/","logo":{"@type":"ImageObject","inLanguage":"sv-SE","@id":"https:\/\/www.qvadrat.fi\/#\/schema\/logo\/image\/","url":"https:\/\/www.qvadrat.fi\/wp-content\/uploads\/2021\/10\/Qvadrat_Logo_Beige-e1634039562152.jpeg","contentUrl":"https:\/\/www.qvadrat.fi\/wp-content\/uploads\/2021\/10\/Qvadrat_Logo_Beige-e1634039562152.jpeg","width":1000,"height":695,"caption":"Qvadrat LKV"},"image":{"@id":"https:\/\/www.qvadrat.fi\/#\/schema\/logo\/image\/"},"sameAs":["https:\/\/www.facebook.com\/qvadratlkv","https:\/\/www.instagram.com\/qvadratlkv\/","https:\/\/www.linkedin.com\/company\/oy-qvadrat-m2-lkv-ab\/about\/"]}]}},"_links":{"self":[{"href":"https:\/\/www.qvadrat.fi\/svenska\/wp-json\/wp\/v2\/pages\/3396","targetHints":{"allow":["GET"]}}],"collection":[{"href":"https:\/\/www.qvadrat.fi\/svenska\/wp-json\/wp\/v2\/pages"}],"about":[{"href":"https:\/\/www.qvadrat.fi\/svenska\/wp-json\/wp\/v2\/types\/page"}],"author":[{"embeddable":true,"href":"https:\/\/www.qvadrat.fi\/svenska\/wp-json\/wp\/v2\/users\/4"}],"replies":[{"embeddable":true,"href":"https:\/\/www.qvadrat.fi\/svenska\/wp-json\/wp\/v2\/comments?post=3396"}],"version-history":[{"count":9,"href":"https:\/\/www.qvadrat.fi\/svenska\/wp-json\/wp\/v2\/pages\/3396\/revisions"}],"predecessor-version":[{"id":4391,"href":"https:\/\/www.qvadrat.fi\/svenska\/wp-json\/wp\/v2\/pages\/3396\/revisions\/4391"}],"wp:attachment":[{"href":"https:\/\/www.qvadrat.fi\/svenska\/wp-json\/wp\/v2\/media?parent=3396"}],"curies":[{"name":"wp","href":"https:\/\/api.w.org\/{rel}","templated":true}]}}